
19
Calculate the remainder when 1023 is divided by 57.
54
What is the remainder when 1119 is divided by 8?
7
Calculate the remainder when 525 is divided by 77.
63
What is the remainder when 1446 is divided by 50?
46
Calculate the remainder when 3171 is divided by 45.
21
Calculate the remainder when 783 is divided by 48.
15
What is the remainder when 31 is divided by 22?
9
Calculate the remainder when 806 is divided by 94.
54
What is the remainder when 1198 is divided by 233?
33
Calculate the remainder when 179 is divided by 36.
35
Calculate the remainder when 473 is divided by 214.
45
Calculate the remainder when 427 is divided by 122.
61
What is the remainder when 151 is divided by 40?
31
Calculate the remainder when 6733 is divided by 57.
7
What is the remainder when 691 is divided by 180?
151
What is the remainder when 20285 is divided by 5?
0
What is the remainder when 488 is divided by 14?
12
Calculate the remainder when 297 is divided by 39.
24
Calculate the remainder when 615 is divided by 63.
48
Calculate the remainder when 6475 is divided by 82.
79
What is the remainder when 114 is divided by 21?
9
Calculate the remainder when 546 is divided by 541.
5
Calculate the remainder when 21091 is divided by 237.
235
Calculate the remainder when 421 is divided by 4.
1
What is the remainder when 273 is divided by 29?
12
Calculate the remainder when 471 is divided by 43.
41
What is the remainder when 1748 is divided by 11?
10
What is the remainder when 208 is divided by 14?
12
What is the remainder when 1246 is divided by 61?
26
Calculate the remainder when 1331 is divided by 149.
139
What is the remainder when 125 is divided by 36?
17
What is the remainder when 752 is divided by 109?
98
What is the remainder when 4668 is divided by 161?
160
Calculate the remainder when 436 is divided by 20.
16
What is the remainder when 625 is divided by 63?
58
What is the remainder when 474 is divided by 5?
4
Calculate the remainder when 10127 is divided by 16.
15
What is the remainder when 264 is divided by 92?
80
What is the remainder when 23 is divided by 6?
5
What is the remainder when 832 is divided by 119?
118
Calculate the remainder when 879 is divided by 4.
3
What is the remainder when 6936 is divided by 39?
33
What is the remainder when 5931 is divided by 1977?
0
What is the remainder when 520 is divided by 5?
0
Calculate the remainder when 558 is divided by 93.
0
What is the remainder when 13 is divided by 1?
0
Calculate the remainder when 255 is divided by 77.
24
Calculate the remainder when 1360 is divided by 41.
7
Calculate the remainder when 1114 is divided by 28.
22
Calculate the remainder when 101 is divided by 55.
46
What is the remainder when 1747 is divided by 53?
51
Calculate the remainder when 973 is divided by 57.
4
What is the remainder when 89 is divided by 42?
5
What is the remainder when 994 is divided by 111?
106
What is the remainder when 598 is divided by 154?
136
What is the remainder when 1846 is divided by 169?
156
What is the remainder when 620 is divided by 104?
100
What is the remainder when 283 is divided by 75?
58
Calculate the remainder when 1228 is divided by 33.
7
What is the remainder when 282 is divided by 81?
39
What is the remainder when 99 is divided by 42?
15
What is the remainder when 380 is divided by 185?
10
What is the remainder when 349 is divided by 54?
25
Calculate the remainder when 909 is divided by 14.
13
Calculate the remainder when 654 is divided by 202.
48
Calculate the remainder when 423 is divided by 109.
96
Calculate the remainder when 484 is divided by 156.
16
What is the remainder when 507 is divided by 82?
15
What is the remainder when 1800 is divided by 44?
40
What is the remainder when 5085 is divided by 1689?
18
Calculate the remainder when 3768 is divided by 130.
128
Calculate the remainder when 216 is divided by 112.
104
Calculate the remainder when 66 is divided by 24.
18
Calculate the remainder when 5172 is divided by 245.
27
What is the remainder when 217 is divided by 20?
17
Calculate the remainder when 90 is divided by 30.
0
Calculate the remainder when 852 is divided by 79.
62
Calculate the remainder when 13437 is divided by 336.
333
Calculate the remainder when 675 is divided by 221.
12
Calculate the remainder when 587 is divided by 99.
92
Calculate the remainder when 3586 is divided by 275.
11
What is the remainder when 48 is divided by 39?
9
Calculate the remainder when 754 is divided by 12.
10
What is the remainder when 39 is divided by 10?
9
What is the remainder when 1402 is divided by 116?
10
What is the remainder when 455 is divided by 31?
21
What is the remainder when 11828 is divided by 70?
68
Calculate the remainder when 1191 is divided by 501.
189
Calculate the remainder when 619 is divided by 168.
115
What is the remainder when 535 is divided by 36?
31
What is the remainder when 10088 is divided by 171?
170
What is the remainder when 126 is divided by 8?
6
Calculate the remainder when 1533 is divided by 64.
61
What is the remainder when 2078 is divided by 190?
178
What is the remainder when 122 is divided by 23?
7
What is the remainder when 1087 is divided by 64?
63
Calculate the remainder when 96 is divided by 21.
12
Calculate the remainder when 1551 is divided by 20.
11
Calculate the remainder when 153 is divided by 52.
49
What is the remainder when 70 is divided by 22?
4
What is the remainder when 55 is divided by 7?
6
What is the remainder when 1064 is divided by 16?
8
Calculate the remainder when 31197 is divided by 19.
18
Calculate the remainder when 113 is divided by 45.
23
Calculate the remainder when 522 is divided by 111.
78
Calculate the remainder when 743 is divided by 83.
79
What is the remainder when 1153 is divided by 526?
101
What is the remainder when 1286 is divided by 46?
44
Calculate the remainder when 636 is divided by 209.
9
Calculate the remainder when 186 is divided by 63.
60
What is the remainder when 825 is divided by 164?
5
Calculate the remainder when 134 is divided by 62.
10
What is the remainder when 13824 is divided by 38?
30
What is the remainder when 149 is divided by 7?
2
What is the remainder when 8939 is divided by 17?
14
Calculate the remainder when 1183 is divided by 394.
1
Calculate the remainder when 210 is divided by 71.
68
What is the remainder when 10405 is divided by 11?
10
Calculate the remainder when 69 is divided by 14.
13
Calculate the remainder when 244 is divided by 78.
10
Calculate the remainder when 6703 is divided by 7.
4
Calculate the remainder when 432 is divided by 13.
3
Calculate the remainder when 227 is divided by 56.
3
What is the remainder when 153 is divided by 13?
10
What is the remainder when 12 is divided by 4?
0
Calculate the remainder when 188 is divided by 62.
2
Calculate the remainder when 2065 is divided by 25.
15
Calculate the remainder when 22552 is divided by 14.
12
What is the remainder when 102 is divided by 20?
2
What is the remainder when 238 is divided by 48?
46
Calculate the remainder when 1076 is divided by 14.
12
Calculate the remainder when 1302 is divided by 45.
42
Calculate the remainder when 185 is divided by 36.
5
What is the remainder when 2133 is divided by 23?
17
Calculate the remainder when 389 is divided by 389.
0
Calculate the remainder when 1185 is divided by 11.
8
What is the remainder when 67 is divided by 34?
33
What is the remainder when 308 is divided by 297?
11
Calculate the remainder when 3998 is divided by 398.
18
Calculate the remainder when 169 is divided by 24.
1
What is the remainder when 726 is divided by 629?
97
What is the remainder when 5762 is divided by 44?
42
What is the remainder when 3197 is divided by 33?
29
What is the remainder when 200 is divided by 29?
26
What is the remainder when 49978 is divided by 70?
68
What is the remainder when 50 is divided by 46?
4
What is the remainder when 19 is divided by 16?
3
Calculate the remainder when 2237 is divided by 223.
7
What is the remainder when 1207 is divided by 1?
0
What is the remainder when 63 is divided by 23?
17
What is the remainder when 19 is divided by 18?
1
Calculate the remainder when 684 is divided by 98.
96
Calculate the remainder when 121 is divided by 18.
13
Calculate the remainder when 314 is